5).
19
Let h(b) = 6*b**2 + 19 + 2*b - 7*b**2 - 8*b. Let y be h(-9). Let w(z) = z**2 + 9*z + 6. Give w(y).
-2
Let z(y) be the first derivative of -y**4/4 + 2*y**3 + 2*y**2 - 2*y - 656. What is z(4)?
46
Let u(d) be the first derivative of -3*d**2/2 + 11*d - 3. Let w(k) be the first derivative of -k**2/2 + 4*k + 9. Let y(s) = -6*u(s) + 17*w(s). Calculate y(0).
2
Let x(w) = -w**3 - 49*w**2 - 6*w - 13. Let n(f) = 3*f**3 + 140*f**2 + 17*f + 37. Let r(c) = -6*n(c) - 17*x(c). Let g be (-13)/2 + (-2)/4. What is r(g)?
-1
Let t(j) = -2*j - 2. Suppose 11*c - 20 = 6*c. Give t(c).
-10
Let y(c) = -3. Let j(r) = 2*r - 6. Let v(g) = -j(g) + 8*y(g). Calculate v(0).
-18
Let o = 2988 - 2982. Let u(x) be the first derivative of 0*x - 1 - 3*x**2 + 1/3*x**3. Determine u(o).
0
Let z(n) = -n**3 + 11*n**2 + 8*n - 2. Let o = 2158 - 2146. Calculate z(o).
-50
Suppose 3*n = 2*n - 50. Let d = 45 + n. Let j(u) = 2*u + 4. Determine j(d).
-6
Suppose 13*q + 432 = 5*q. Let s = q - -50. Let i(z) = 2*z. Give i(s).
-8
Let t(d) = d**2 - 12*d + 14. Suppose 7*q - 5*q - 40 = 0. Suppose 3*f = 4*j - 41, 0 = 2*j + f - 3*f - q. Determine t(j).
3
Let t(h) be the third derivative of -h**6/120 + h**5/15 + h**4/4 + 7*h**3/6 - 4521*h**2. Suppose 0 = 4*l + 4*f + 2 - 10, 9 = 3*l + 2*f. Determine t(l).
12
Let v(z) = -3*z - 2. Let s(b) = 2*b + 1. Let o(j) = 5*s(j) + 3*v(j). Let l(w) = 4*w - 9. Let i(q) = l(q) - 5*o(q). Determine i(-8).
4
Let q(d) = -d**2 - 32*d - 5. Let b be q(-32). Let f(i) = -2*i - 12. What is f(b)?
-2
Let l(v) be the first derivative of -v**3/3 + 3*v**2/2 - 150. Determine l(3).
0
Let c = 201 + -196. Let m(i) = -i**3 + 7*i**2 - 9*i - 6. What is m(c)?
-1
Let a(x) = 1590 - 3184 + 3*x + 1586. What is a(5)?
7
Let v = -28 - -32. Suppose 8*z = 9*z - 4. Let t(b) = b**2 - 2*b + b - z*b. Give t(v).
-4
Let z(u) = 4*u + 3. Let k(g) = -g - 1. Let s(m) = 7*k(m) + 3*z(m). Calculate s(-3).
-13
Suppose -473*m + 458*m = 105. Let s(h) = h + 6. Let v(x) = 3*x + 18. Let o(d) = -11*s(d) + 4*v(d). Calculate o(m).
-1
Let c(n) = -1 + 0*n**2 - 2 + 1 - n**3 - 5*n**2. Determine c(-5).
-2
Let r be 16/12*(-6)/(-4). Let y be r + -4 - (-10)/2. Let d(n) = 4*n - 5 + 0 + 1. Calculate d(y).
8
Let y(g) be the third derivative of g**4/12 - 19*g**3/6 - 9*g**2 - 1. Give y(9).
-1
Let m(f) = -23*f - 298. Let h be m(-13). Let v(d) = -22*d**3 - d**2 + d - 1. What is v(h)?
-23
Let c(i) = i**2 - 6*i - 1. Let w be 3/(-2)*(-96)/36. Calculate c(w).
-9
Let g be (-30)/(-8)*3/((-54)/(-24)). Let f(b) = b**3 - 4*b**2 - 4*b - 4. What is f(g)?
1
Let k(j) = j**2 + 4*j - 1. Let l(t) = -4*t - 14. Let v(z) = -k(z) + l(z). Give v(-7).
-6
Let c(d) = -d**3 - 6*d**2 - 5*d + 5. Let x = 80 + -28. Let y = 47 - x. Give c(y).
5
Let i(f) = f**3 + 7*f**2 - 2. Let w be i(-7). Let b(k) be the third derivative of -k**6/120 - k**5/30 - k**4/12 + k**3/6 + 4*k**2 + 14*k. Give b(w).
5
Let v(h) = 4*h**2 - 2*h. Let f(b) = b**2 - 44*b + 257. Let x be f(7). What is v(x)?
20
Let o(l) = l**2 + 2*l - 1. Let z be o(-2). Let n be 6/15 + 26/10. Let x(r) = -9*r**3 + n*r**2 + 3 - 3*r**2 - 4. Give x(z).
8
Let t(g) = g**2 - g - 40. Let p be (3 - 3)/(9/((-54)/(-6))). Determine t(p).
-40
Let l(n) = 2*n + n - n - 46 + 52. Suppose 4*t + f - 33 = 4*f, 0 = -3*t - 3*f + 9. Let s = t + -10. What is l(s)?
-2
Let c(l) be the second derivative of -2*l + 1/12*l**4 - 1/3*l**3 + 0 + 3/2*l**2. Suppose -15*u = -27*u + 19 + 5. Calculate c(u).
3
Let c = -95 - -96. Let l(p) = -17*p + 1. Let v(k) = 50*k - 4. Let w(h) = -7*l(h) - 2*v(h). Determine w(c).
20
Let f(n) = 5*n**2. Let r be f(-1). Suppose 4*k + 7 = 15. Let l(c) = -9*c**3 + 9 + 5*c**k + 8*c**3 - 13. Give l(r).
-4
Let v(w) = 7*w + 111. Let u be v(-15). Let p(m) = 3*m - 15. Determine p(u).
3
Let q(j) = -j. Let y(v) = v**2 + 7*v + 8. Let x(g) = g**2 + g - 1. Let r(a) = 2*x(a) - y(a). Let f(p) = -q(p) - r(p). Calculate f(7).
3
Suppose 0 = 2*i - 0*i + 6. Let v be (-8)/6*i/(-2). Let k = v + 5. Let q(u) = u**2 - 3*u + 4. Calculate q(k).
4
Let o(b) = 3*b - 3. Let a(g) = -2*g + 2. Let d(v) = -5*a(v) - 3*o(v). Let w(t) = 3*t - 11. Let h(c) = -4*d(c) + w(c). Calculate h(-7).
0
Let c(h) = -h**2 - 2*h - 6. Let u be (-1)/(-3) - 59/177. Calculate c(u).
-6
Let g = 66 + -58. Let k(x) = x**2 - 12*x + 38. Let p be k(g). Let i(v) = v - 9. What is i(p)?
-3
Let f(x) = -x**3 + 4 - 5*x**2 - 3 + 5*x - 2. Let n = 800 + -806. Determine f(n).
5
Let m(a) = -a**3 + 2*a**2 - a + 23. Suppose -5*b = 5*o + 5, 2*b = 5*o - 14 + 19. What is m(b)?
23
Let f(q) = -4*q + 5. Let r be ((-42)/12)/(-1 - 2/(-4)). Let y(v) = 4*v - 6. Let z(b) = r*f(b) + 6*y(b). Give z(1).
-5
Let r be 4/(-6)*(-30)/(-4). Let g(k) = 20*k + 15. Let y(w) = -7*w - 5. Let s(o) = 3*g(o) + 8*y(o). Give s(r).
-15
Let d(y) be the third derivative of y**4/12 + y**3/2 + 92*y**2. What is d(-5)?
-7
Let i(d) = d**2 + 7*d. Let y(n) be the third derivative of -n**6/20 + n**5/30 - n**4/12 + n**3/6 - n**2. Let o be y(1). Give i(o).
-10
Let g(x) = 0*x - 2317 + 2*x + 1145 + 1159. Determine g(8).
3
Let l(h) = -h**2 - 19*h - 31. Let t(r) = r**3 + 8*r**2 + 18*r + 19. Let q be t(-6). Determine l(q).
3
Let w(p) = -2279 - 2*p + 1132 + 1148. Determine w(-2).
5
Let f(u) = -u**2 - 8*u + 10. Suppose -3 = -m, 26 + 0 = -4*o - 2*m. Calculate f(o).
10
Let p(b) be the second derivative of b**2 - 1/6*b**3 - 1/12*b**4 + 0 - b. Let g(l) = -l**3 + 15*l**2 - 3*l + 42. Let d be g(15). Determine p(d).
-4
Let f(o) = o - 1. Let c(n) = -2 + 7 - 2*n + 0 - 8. Let l(t) = -c(t) - 3*f(t). Calculate l(0).
6
Let l = 22 + -24. Let c(m) be the second derivative of -m**4/12 - m**3/3 - 3*m**2/2 + m. Let g be c(l). Let h(j) = j**3 + 4*j**2 + j - 2. What is h(g)?
4
Let u be (6/(-3))/(-19 + 17). Let x = 10 - 6. Let f(g) = -2 - x*g + g - 2 - u. What is f(5)?
-20
Suppose 0 = -3*k + 4*k. Let z(f) = -3 + k*f - 5 + f. Let b be 4*(186/136 + (-2)/17). Give z(b).
-3
Suppose -5*i = -4*m - i - 8, -3*i = 3*m + 30. Let q(d) = -19*d**2 - 3*d - 17. Let o(z) = -9*z**2 - z - 8. Let f(p) = m*q(p) + 13*o(p). Determine f(3).
-14
Let w(f) be the first derivative of -1/2*f**2 + 0*f + 42. Let l = 9 + -14. Determine w(l).
5
Let u be 4 + 3 + (-2 - (1 + -2)). Let z(y) = -4*y**3 + 2*y**2 + u*y**3 - 2*y + y**3 - 1 - 2*y**3. What is z(2)?
11
Let i(x) = -4 - 14*x + 3*x**2 - x**3 + 15*x + 3*x**2. Suppose -4*j + 18 = -j. Determine i(j).
2
Let y(r) = r - 1. Let z = 11 - 7. Suppose 0*m = 4*m - 4*x - 20, -18 = -2*m + z*x. Give y(m).
0
Let c(p) = -32*p - 256. Let u be c(-8). Let o(h) = h**2 - h + 17. Calculate o(u).
17
Let t(k) = -k. Let c(w) = 10*w. Let p(h) = -c(h) - 6*t(h). Give p(-2).
8
Suppose 11 = -2*q + 3*c, 60*q + 5*c - 33 = 56*q. Let y(w) be the first derivative of q*w + 12 + 1/4*w**4 + 2*w**2 + 2*w**3. Give y(-5).
7
Let z(g) = -7*g**2 + 1. Suppose -b = -3*b + 42. Suppose -4*p + 3*v + 2 = b, -3*v = 2*p - 13. Give z(p).
-6
Let o(v) = 35*v - v**3 - 7 + 4*v**2 - 11*v**2 - 29*v. Determine o(-8).
9
Let t be (15/4)/((-3)/12). Let d = 9 + t. Let y(i) = i - 3. Calculate y(d).
-9
Let m(z) be the second derivative of z**4/12 + z**2 + z. Suppose 20 = -7*a - 1. Let f be (4/a)/(2/(-3)). Give m(f).
6
Let r(w) = -1739 + 2*w + 876 + 872. Determine r(-9).
-9
Let j = -17 - -35. Let p be (-4)/j - (-38)/9. Let b(y) = -900 - 7*y + 901 + 6*y. Give b(p).
-3
Suppose -2*u - 5*k = -32, -3 = -4*u - 2*k + 29. Let m(f) = -f**2 + 7*f + 2. Give m(u).
8
Suppose 0*y = -y + 6. Let i(x) be the second derivative of 3*x**3/2 - 6*x**2 - 11*x. Let s(z) = -6*z + 8. Let a(q) = 5*i(q) + 8*s(q). Give a(y).
-14
Let u(z) = 5*z - 7. Let x(b) = b - 2. Let q(m) = -u(m) + 6*x(m). Let t be q(0). Let y(v) = -v**3 - 4*v**2 + 3*v - 7. Give y(t).
3
Let d(j) = 7*j + 27. Let m(q) = -6*q - 23. Let n(z) = 5*d(z) + 6*m(z). Suppose 2*b - 2 + 6 = 0. Determine n(b).
-1
Let p(f) be the third derivative of f**5/3 - f**3/6 - 19*f**2. Determine p(-1).
19
Let t(n) = 4*n + 6. Let o(k) = -1. Let h(i) = -5*o(i) - t(i). Give h(-3).
11
Let o(f) = 44*f**2 + 13*f + 8. Let s(v) = 14*v**2 + 5*v + 3. Let r(c) = 3*o(c) - 8*s(c). Determine r(1).
19
Suppose 3*h = -4*q + 104, 26 = -q + 2*q - 5*h. Suppose 25*l = q*l. Let t(p) = 6 + 6 - 6 + l + p. Give t(0).
6
Let q be ((-8)/28)/(-8 - 406/(-49)). Let v(k) = -8*k - 3. Give v(q).
5
Let u be -1*4 - (-1 - 0). Let l(t) = -3*t**3 - 12*t**2 + 2*t - 2. Let c(f) = -2*f**3 - 8*f**2 + f - 2. Let x(d) = -7*c(d) + 5*l